is the hundreds digit of 107378?
3
What is the hundreds digit of 2337?
3
What is the units digit of 11947?
7
What is the units digit of 11748?
8
What is the ten thousands digit of 139000?
3
What is the units digit of 1263?
3
What is the units digit of 6029?
9
What is the ten thousands digit of 13309?
1
What is the hundreds digit of 407?
4
What is the thousands digit of 3141?
3
What is the units digit of 1088?
8
What is the tens digit of 15690?
9
What is the tens digit of 1723?
2
What is the hundreds digit of 1762?
7
What is the ten thousands digit of 111251?
1
What is the hundreds digit of 27636?
6
What is the thousands digit of 11118?
1
What is the hundreds digit of 4895?
8
What is the hundreds digit of 5705?
7
What is the hundreds digit of 17912?
9
What is the hundreds digit of 268?
2
What is the units digit of 96684?
4
What is the units digit of 33265?
5
What is the tens digit of 166?
6
What is the units digit of 2345?
5
What is the thousands digit of 56710?
6
What is the tens digit of 115785?
8
What is the tens digit of 8057?
5
What is the units digit of 1286?
6
What is the units digit of 2676?
6
What is the hundreds digit of 11735?
7
What is the units digit of 1453?
3
What is the thousands digit of 3694?
3
What is the hundreds digit of 5081?
0
What is the ten thousands digit of 100066?
0
What is the thousands digit of 43205?
3
What is the thousands digit of 43280?
3
What is the tens digit of 1432?
3
What is the units digit of 629?
9
What is the tens digit of 753?
5
What is the tens digit of 2070?
7
What is the units digit of 5079?
9
What is the thousands digit of 80736?
0
What is the ten thousands digit of 45899?
4
What is the tens digit of 22980?
8
What is the units digit of 59138?
8
What is the ten thousands digit of 35043?
3
What is the tens digit of 5344?
4
What is the units digit of 5581?
1
What is the units digit of 161231?
1
What is the hundreds digit of 561?
5
What is the thousands digit of 3966?
3
What is the units digit of 27481?
1
What is the tens digit of 3820?
2
What is the units digit of 19960?
0
What is the units digit of 253?
3
What is the thousands digit of 5039?
5
What is the tens digit of 3455?
5
What is the tens digit of 39?
3
What is the tens digit of 20886?
8
What is the units digit of 3303?
3
What is the tens digit of 206?
0
What is the tens digit of 12923?
2
What is the tens digit of 4376?
7
What is the tens digit of 431?
3
What is the units digit of 19819?
9
What is the hundreds digit of 1956?
9
What is the thousands digit of 9257?
9
What is the hundreds digit of 14728?
7
What is the units digit of 152257?
7
What is the ten thousands digit of 77062?
7
What is the tens digit of 670?
7
What is the tens digit of 2011?
1
What is the ten thousands digit of 37548?
3
What is the tens digit of 92101?
0
What is the units digit of 3505?
5
What is the thousands digit of 31642?
1
What is the units digit of 404?
4
What is the units digit of 1588?
8
What is the thousands digit of 52234?
2
What is the units digit of 655?
5
What is the hundreds digit of 11577?
5
What is the units digit of 166?
6
What is the ten thousands digit of 74372?
7
What is the units digit of 26794?
4
What is the hundreds digit of 196?
1
What is the ten thousands digit of 82321?
8
What is the units digit of 30049?
9
What is the thousands digit of 1357?
1
What is the thousands digit of 1747?
1
What is the ten thousands digit of 52278?
5
What is the units digit of 748?
8
What is the ten thousands digit of 66466?
6
What is the tens digit of 12479?
7
What is the units digit of 16905?
5
What is the hundreds digit of 4988?
9
What is the hundreds digit of 1017?
0
What is the hundreds digit of 702?
7
What is the tens digit of 8046?
4
What is the tens digit of 35734?
3
What is the tens digit of 1139?
3
What is the units digit of 3466?
6
What is the hundreds digit of 8155?
1
What is the units digit of 68482?
2
What is the hundreds digit of 16142?
1
What is the hundreds digit of 11775?
7
What is the tens digit of 22232?
3
What is the thousands digit of 106825?
6
What is the tens digit of 1807?
0
What is the units digit of 1435?
5
What is the hundreds digit of 512?
5
What is the tens digit of 2152?
5
What is the tens digit of 1520?
2
What is the tens digit of 6580?
8
What is the tens digit of 21291?
9
What is the units digit of 3920?
0
What is the hundreds digit of 1620?
6
What is the thousands digit of 24652?
4
What is the units digit of 1463?
3
What is the units digit of 766?
6
What is the hundreds digit of 505?
5
What is the tens digit of 660?
6
What is the tens digit of 237?
3
What is the hundreds digit of 3302?
3
What is the thousands digit of 99799?
9
What is the tens digit of 13722?
2
What is the tens digit of 2162?
6
What is the thousands digit of 1455?
1
What is the tens digit of 6207?
0
What is the units digit of 6081?
1
What is the hundreds digit of 79971?
9
What is the thousands digit of 3841?
3
What is the hundreds digit of 2234?
2
What is the units digit of 2189?
9
What is the units digit of 918?
8
What is the hundreds digit of 16128?
1
What is the hundreds digit of 2635?
6
What is the units digit of 23212?
2
What is the units digit of 4?
4
What is the hundreds digit of 168158?
1
What is the units digit of 1655?
5
What is the units digit of 475?
5
What is the hundreds digit of 728?
7
What is the units digit of 13855?
5
What is the thousands digit of 1268?
1
What is the tens digit of 10618?
1
What is the units digit of 507?
7
What is the thousands digit of 2546?
2
What is the hundreds digit of 582?
5
What is the ten thousands digit of 27047?
2
What is the tens digit of 747?
4
What is the hundreds digit of 49144?
1
What is the units digit of 53473?
3
What is the tens digit of 6923?
2
What is the units digit of 32476?
6
What is the thousands digit of 26738?
6
What is the hundreds digit of 111317?
3
What is the thousands digit of 6633?
6
What is the hundreds digit of 3038?
0
What is the hundreds digit of 794?
7
What is the tens digit of 13043?
4
What is the ten thousands digit of 79438?
7
What is the units digit of 6266?
6
What is the tens digit of 72234?
3
What is the units digit of 495?
5
What is the ten thousands digit of 125029?
2
What is the tens digit of 3051?
5
What is the hundreds digit of 4297?
2
What is the thousands digit of 6907?
6
What is the hundreds digit of 633?
6
What is the units digit of 9?
9
What is the hundreds digit of 3988?
9
What is the units digit of 1719?
9
What is the thousands digit of 1134?
1
What is the ten thousands digit of 41115?
4
What is the hundreds digit of 1291?
2
What is the ten thousands digit of 72447?
7
What is the units digit of 231?
1
What is the thousands digit of 2614?
2
What is the tens digit of 1799?
9
What is the thousands digit of 64219?
4
What is the tens digit of 138507?
0
What is the tens digit of 703?
0
What is the thousands digit of 6515?
6
What is the tens digit of 39483?
8
What is the tens digit of 67659?
5
What is the ten thousands digit of 23289?
2
What is the tens digit of 12431?
3
What is the thousands digit of 4797?
4
What is the units digit of 17099?
9
What is the tens digit of 2074?
7
What is the tens digit of 1739?
3
What is the thousands digit of 6143?
6
What is the hundreds digit of 6004?
0
What is the thousands digit of 7880?
7
What is the units digit of 11486?
6
What is the hundreds digit of 293?
2
What is the thousands digit of 42542?
2
What is the ten thousands digit of 27107?
2
What is the thousands digit of 10620?
0
What is the tens digit of 41?
4
What is the tens digit of 413?
1
What is the units digit of 10323?
3
What is the thousands digit of 11108?
1
What is the thousands digit of 4265?
4
What is the units digit of 30622?
2
What is the hundreds digit of 2075?
0
What is the hundreds digit of 2581?
5
What is the units digit of 18343?
3
What is the ten thousands digit of 32744?
3
What is the units digit of 6091?
1
What is the hundreds digit of 2747?
7
What is the hundreds digit of 6679?
6
What is the thousands digit of 2254?
2
What is the units digit of 2985?
5
What is the hundreds digit of 1224?
2
What is the thousands digit of 89102?
9
What is the ten thousands digit of 25308?
2
What is the tens digit of 865?
6
What is the thousands digit of 1048?
1
What is the thousands digit of